a factor of 58292?
True
Is 6454532 a multiple of 18?
False
Does 881 divide 1349110?
False
Is 297 a factor of 507481?
False
Is 4260837 a multiple of 922?
False
Does 52 divide 956020?
True
Is 98 a factor of 113190?
True
Does 464 divide 1103722?
False
Is 426 a factor of 1053334?
False
Is 270693 a multiple of 57?
True
Does 3 divide 27327?
True
Does 74 divide 829836?
True
Is 2 a factor of 598304?
True
Is 108070 a multiple of 535?
True
Is 156 a factor of 580008?
True
Does 5 divide 29403?
False
Does 51 divide 286518?
True
Is 319675 a multiple of 19?
True
Is 12 a factor of 220031?
False
Is 462726 a multiple of 99?
True
Is 3021618 a multiple of 153?
False
Is 801556 a multiple of 48?
False
Does 29 divide 4695042?
True
Does 18 divide 602852?
False
Is 52 a factor of 25480?
True
Is 5 a factor of 2009206?
False
Is 347 a factor of 23182376?
True
Is 1232910 a multiple of 14?
True
Does 7 divide 141715?
True
Is 22221 a multiple of 174?
False
Is 7 a factor of 49266?
True
Is 16118 a multiple of 6?
False
Does 424 divide 130168?
True
Is 464480 a multiple of 16?
True
Is 2088893 a multiple of 29?
False
Is 12723 a multiple of 9?
False
Is 21 a factor of 235032?
True
Does 69 divide 1455693?
True
Is 131 a factor of 6320488?
True
Is 1087254 a multiple of 339?
False
Does 4 divide 3632488?
True
Is 31213224 a multiple of 24?
True
Is 250383 a multiple of 19?
False
Is 532049 a multiple of 21?
False
Is 1775374 a multiple of 428?
False
Is 58955 a multiple of 6?
False
Does 9 divide 2943954?
True
Does 247 divide 27199393?
True
Is 43038 a multiple of 3?
True
Is 5822076 a multiple of 612?
False
Does 16 divide 2375206?
False
Does 92 divide 65688?
True
Is 41748 a multiple of 6?
True
Is 26 a factor of 415665?
False
Is 270144 a multiple of 268?
True
Is 146864 a multiple of 315?
False
Is 120727 a multiple of 181?
True
Does 53 divide 517113?
False
Is 93 a factor of 277112?
False
Does 68 divide 1598849?
False
Does 16 divide 179984?
True
Is 256365 a multiple of 135?
True
Does 452 divide 1112372?
True
Is 344838 a multiple of 39?
True
Is 19 a factor of 1416702?
False
Is 263 a factor of 526976?
False
Is 31 a factor of 145185?
False
Is 120544 a multiple of 29?
False
Does 933 divide 25973?
False
Does 27 divide 25272?
True
Does 6 divide 1735?
False
Is 226 a factor of 2250056?
True
Is 428 a factor of 2683132?
True
Does 3 divide 12748?
False
Is 4234881 a multiple of 2?
False
Does 62 divide 67040?
False
Is 34 a factor of 5004732?
True
Is 11147517 a multiple of 12?
False
Is 97699 a multiple of 119?
True
Is 145 a factor of 1491325?
True
Is 74 a factor of 4444?
False
Is 998538 a multiple of 326?
True
Is 336168 a multiple of 69?
True
Does 24 divide 10224?
True
Is 118014 a multiple of 89?
True
Is 2 a factor of 2085?
False
Is 224 a factor of 264349?
False
Is 93 a factor of 243009?
True
Is 28719341 a multiple of 2737?
True
Does 64 divide 3175936?
True
Is 54 a factor of 721008?
True
Is 171 a factor of 1245449?
False
Does 9 divide 2719683?
True
Is 867536 a multiple of 7?
False
Is 887328 a multiple of 144?
True
Is 68766 a multiple of 146?
True
Is 48512 a multiple of 340?
False
Is 153014 a multiple of 82?
False
Does 62 divide 1939024?
False
Is 1270161 a multiple of 81?
True
Is 22315 a multiple of 33?
False
Is 530 even?
True
Is 2749314 a multiple of 528?
False
Does 142 divide 2671020?
True
Does 793 divide 11172385?
False
Does 9 divide 1548906?
False
Is 94 a factor of 3330514?
True
Is 8 a factor of 1282771?
False
Is 80750 a multiple of 161?
False
Does 10 divide 6615760?
True
Does 23 divide 20869?
False
Is 554724 a multiple of 35?
False
Does 6 divide 44430?
True
Is 46 a factor of 228068?
True
Is 878772 a multiple of 3?
True
Is 716097 a multiple of 117?
False
Is 11810999 a multiple of 627?
False
Is 38 a factor of 788912?
False
Is 245603 a multiple of 11?
False
Does 18 divide 3274524?
True
Does 7 divide 847?
True
Does 10 divide 794831?
False
Is 16 a factor of 309936?
True
Does 155 divide 510105?
True
Is 13385761 a multiple of 23?
False
Does 70 divide 1234036?
False
Is 8687514 a multiple of 759?
True
Is 14 a factor of 569748?
False
Is 674 a factor of 13214444?
True
Is 2715804 a multiple of 39?
True
Is 864229 a multiple of 224?
False
Does 4 divide 1531?
False
Is 196747 a multiple of 19?
False
Is 782661 a multiple of 25?
False
Is 8 a factor of 2166411?
False
Is 566742 a multiple of 222?
False
Is 19241576 a multiple of 61?
False
Is 1884259 a multiple of 829?
False
Is 53983 a multiple of 115?
False
Is 663 a factor of 5395290?
False
Does 32 divide 31776?
True
Is 30 a factor of 12180330?
True
Does 416 divide 2820863?
False
Is 155850 a multiple of 50?
True
Does 61 divide 1373354?
True
Is 24 a factor of 194119?
False
Does 236 divide 28320?
True
Does 411 divide 2075226?
False
Does 42 divide 169278?
False
Is 8 a factor of 541448?
True
Does 258 divide 3083616?
True
Is 32 a factor of 484169?
False
Is 14 a factor of 2174225?
False
Does 499 divide 11234848?
False
Does 8 divide 6657004?
False
Does 5 divide 646600?
True
Does 15 divide 240465?
True
Is 3840636 a multiple of 1068?
False
Is 476 a factor of 42840?
True
Is 3604350 a multiple of 30?
True
Is 459157 a multiple of 29?
True
Is 14 a factor of 9201325?
False
Does 921 divide 3976255?
False
Does 12 divide 7426269?
False
Does 12 divide 4963020?
True
Does 7 divide 1538263?
False
Is 258 a factor of 187566?
True
Does 57 divide 51015?
True
Does 13 divide 4043858?
True
Is 69783 a multiple of 15?
False
Is 385297 a multiple of 11?
True
Does 388 divide 2454665?
False
Does 19 divide 5987831?
True
Is 11 a factor of 263769?
True
Is 467 a factor of 7887163?
True
Does 2 divide 1580?
True
Is 166 a factor of 226092?
True
Is 811447 a multiple of 241?
True
Does 8 divide 332100?
False
Is 8280 a multiple of 120?
True
Is 2501073 a multiple of 64?
False
Is 89598 a multiple of 822?
True
Is 18 a factor of 89520?
False
Is 24 a factor of 89039?
False
Is 739443 a multiple of 17?
False
Does 9 divide 281511?
True
Does 56 divide 274624?
True
Does 565 divide 3823354?
False
Does 33 divide 75999?
True
Does 8 divide 198840?
True
Is 1007 a factor of 1577233?
False
Does 138 divide 4921908?
True
Is 35 a factor of 420490?
True
Is 39744 a multiple of 8?
True
Is 13865 a multiple of 235?
True
Is 189 a factor of 53282?
False
Is 30 a factor of 1565650?
False
Does 25 divide 2073358?
False
Is 134 a factor of 747280?
False
Is 13 a factor of 1311739?
True
Does 6 divide 559579?
False
Is 563823 a multiple of 549?
True
Is 344 a factor of 1442178?
False
Does 483 divide 1867761?
True
Does 67 divide 145189?
True
Does 67 divide 1224466?
False
Does 32 divide 237501?
False
Does 226 divide 130275?
False
Does 28 divide 55104?
True
Does 4 divide 201178?
False
Is 565785 a multiple of 11?
True
Does 13 divide 167024?
True
Does 20 divide 44484?
False
Is 27 a factor of 15282?
True
Does 238 divide 18249840?
True
Is 236138 a multiple of 12?
False
Is 182 a factor of 175994?
True
Is 2962367 a multiple of 8?
False
Is 103198 a multiple of 157?
False
Does 14 divide 567373?
False
Is 96 a factor of 957990?
False
Is 77 a factor of 209979?
True
Is 31 a factor of 313831?
False
Is 949492 a multiple of 12?
False
Is 97216 a multiple of 196?
True
Is 2 a factor of 55338?
True
Is 723525 a multiple of 275?
True
Does 11 divide 3348092?
True
Is 5 a factor of 189598?
False
Is 32 a factor of 57312?
True
Is 11 a factor of 107261?
True
Does 48 divide 127172?
False
Is 4212 a multiple of 36?
True
Is 44139 a multiple of 23?
False
Is 33 a factor of 10932768?
True
Is 33 a factor of 6716721?
True
Is 12 a factor of 205834?
False
Does 502 divide 280618?
True
Is 188 a factor of 60912?
True
Is 135235 a multiple of 43?
True
Does 28 divide 3047240?
True
Does 495 divide 60269?
False
Does 14 divide 501257?
False
Does 89 divide 1666258?
True
Does 57 divide 168150?
True
Is 138 a factor of 168875?
False
Is 341 a factor of 162105?
False
Is 138229 a multiple of 13?
True
Is 91 a factor of 33852?
True
Is 614012 a multiple of 14?
True
Is 1137601 a multiple of 73?
False
Is 2020520 a multiple of 20?
True
Is 195917 a multiple of 329?
False
Is 8 a factor of 453863?
False
Does 923 divide 400582?
True
Is 202282 a multiple of 25?
False
Is 132294 a multiple of 185?
False
Is 112252 a multiple of 422?
True
Is 71 a factor of 120820?
False
Is 710451 a multiple of 49?
True
Does 16 divide 207616?
